{"id":293,"date":"2008-09-20T17:25:50","date_gmt":"2008-09-20T16:25:50","guid":{"rendered":"http:\/\/www.tsv-birkenau.de\/index.php\/mitgliedsbeitraege"},"modified":"2024-11-06T13:13:57","modified_gmt":"2024-11-06T12:13:57","slug":"mitgliedsbeitraege","status":"publish","type":"page","link":"https:\/\/www.tsv-birkenau.de\/index.php\/der-tsv-birkenau-ev-stellt-sich-vor\/mitgliedsbeitraege","title":{"rendered":"Mitglied werden"},"content":{"rendered":"\n<p><strong>Mitgliedsbeitr\u00e4ge<\/strong><\/p>\n\n\n\n<figure class=\"wp-block-image size-full is-resized\"><a href=\"https:\/\/www.tsv-birkenau.de\/wp-content\/upload\/grafik-11.png\"><img loading=\"lazy\" decoding=\"async\" width=\"505\" height=\"243\" src=\"https:\/\/www.tsv-birkenau.de\/wp-content\/upload\/grafik-11.png\" alt=\"\" class=\"wp-image-3449\" style=\"width:508px;height:auto\" srcset=\"https:\/\/www.tsv-birkenau.de\/wp-content\/upload\/grafik-11.png 505w, https:\/\/www.tsv-birkenau.de\/wp-content\/upload\/grafik-11-300x144.png 300w\" sizes=\"auto, (max-width: 505px) 100vw, 505px\" \/><\/a><\/figure>\n\n\n\n<p><strong>Eintrittserkl\u00e4rungen<\/strong><\/p>\n\n\n\n<p><a href=\"https:\/\/www.tsv-birkenau.de\/wp-content\/upload\/TSV-Eintrittserklaerung-Familie.pdf\" target=\"_blank\" rel=\"noopener noreferrer\">Familienbeitrag<\/a><\/p>\n\n\n\n<p><a href=\"https:\/\/www.tsv-birkenau.de\/wp-content\/upload\/TSV-Eintrittserklaerung-Handball-Jugendliche.pdf\" target=\"_blank\" rel=\"noopener noreferrer\">Handball Aktive bis 18<\/a><\/p>\n\n\n\n<p><a href=\"https:\/\/www.tsv-birkenau.de\/wp-content\/upload\/TSV-Eintrittserklaerung-Handball-Erwachsene.pdf\" target=\"_blank\" rel=\"noopener noreferrer\">Handball Aktive ab 18<\/a><\/p>\n\n\n\n<p><a href=\"https:\/\/www.tsv-birkenau.de\/wp-content\/upload\/TSV-Eintrittserklaerung-Handball-Passiv.pdf\" target=\"_blank\" rel=\"noopener noreferrer\">Handball Passive<\/a><\/p>\n\n\n\n<p><a href=\"https:\/\/www.tsv-birkenau.de\/wp-content\/upload\/TSV-Eintrittserklaerung-Badminton-Jugendliche.pdf\" target=\"_blank\" rel=\"noopener noreferrer\">Badminton Aktive bis 18<\/a><\/p>\n\n\n\n<p><a href=\"https:\/\/www.tsv-birkenau.de\/wp-content\/upload\/TSV-Eintrittserklaerung-Badminton-Erwachsene.pdf\" target=\"_blank\" rel=\"noopener noreferrer\">Badminton Aktive ab 18<\/a><\/p>\n\n\n\n<p><a href=\"https:\/\/www.tsv-birkenau.de\/wp-content\/upload\/TSV-Eintrittserklaerung-Badminton-Passiv.pdf\" target=\"_blank\" rel=\"noopener noreferrer\">Badminton Passive<\/a><\/p>\n\n\n\n<p><a href=\"https:\/\/www.tsv-birkenau.de\/wp-content\/upload\/TSV-Eintrittserklaerung-Turnen-Kinder.pdf\" target=\"_blank\" rel=\"noopener noreferrer\">Kinderturnen\/Turnen Aktive bis 18<\/a><\/p>\n\n\n\n<p><a href=\"https:\/\/www.tsv-birkenau.de\/wp-content\/upload\/TSV-Eintrittserklaerung-Turnen-Erwachsene.pdf\" target=\"_blank\" rel=\"noopener noreferrer\">Kinderturnen\/Turnen Aktive ab 18<\/a><\/p>\n\n\n\n<p><a href=\"https:\/\/www.tsv-birkenau.de\/wp-content\/upload\/TSV-Eintrittserklaerung-Turnen-Passiv.pdf\" target=\"_blank\" rel=\"noopener noreferrer\">Kinderturnen\/Turnen Passive<\/a><\/p>\n\n\n\n<p><a href=\"https:\/\/www.tsv-birkenau.de\/wp-content\/upload\/TSV-Eintrittserklaerung-Gesundheitssport.pdf\" target=\"_blank\" rel=\"noopener noreferrer\">Gesundheitssport Aktive ab 18<\/a><\/p>\n\n\n\n<p><a href=\"https:\/\/www.tsv-birkenau.de\/wp-content\/upload\/TSV-Eintrittserklaerung-Jedermaenner.pdf\" target=\"_blank\" rel=\"noopener noreferrer\">Jederm\u00e4nner<\/a><\/p>\n\n\n\n<p><a href=\"https:\/\/www.tsv-birkenau.de\/wp-content\/upload\/TSV-Eintrittserkl\u00e4rung-Ballschule-Bibs.pdf\" target=\"_blank\" rel=\"noopener noreferrer\">Birkenauer Bewegungsschule<\/a><\/p>\n\n\n\n<p>Zus\u00e4tzlich zur Eintrittserkl\u00e4rung ben\u00f6tigen wir:<\/p>\n\n\n\n<p><a href=\"https:\/\/www.tsv-birkenau.de\/wp-content\/upload\/TSV-SEPA-Basis-Lastschriftsmandat.pdf\" target=\"_blank\" rel=\"noopener noreferrer\">SEPA Basis-Lastschriftsmandat<\/a><\/p>\n\n\n\n<p><a href=\"https:\/\/www.tsv-birkenau.de\/wp-content\/upload\/TSV-Einwilligung_Datenschutz2016.pdf\" target=\"_blank\" rel=\"noopener noreferrer\">Einwilligung zum Datenschutz<\/a><\/p>\n\n\n\n<p><span style=\"text-decoration: underline;\">Anmerkungen:<br \/><\/span>\u00b9:&nbsp; Bei Kursen im Gesundheitssport kann ein zus\u00e4tzlicher Kursbeitrag anfallen<\/p>\n","protected":false},"excerpt":{"rendered":"<p>Mitgliedsbeitr\u00e4ge Eintrittserkl\u00e4rungen Familienbeitrag Handball Aktive bis 18 Handball Aktive ab 18 Handball Passive Badminton Aktive bis 18 Badminton Aktive ab 18 Badminton Passive Kinderturnen\/Turnen Aktive bis 18 Kinderturnen\/Turnen Aktive ab [&hellip;]<\/p>\n","protected":false},"author":2,"featured_media":0,"parent":18,"menu_order":3,"comment_status":"closed","ping_status":"closed","template":"","meta":{"_uag_custom_page_level_css":"","site-sidebar-layout":"default","site-content-layout":"","ast-site-content-layout":"default","site-content-style":"default","site-sidebar-style":"default","ast-global-header-display":"","ast-banner-title-visibility":"","ast-main-header-display":"","ast-hfb-above-header-display":"","ast-hfb-below-header-display":"","ast-hfb-mobile-header-display":"","site-post-title":"","ast-breadcrumbs-content":"","ast-featured-img":"","footer-sml-layout":"","ast-disable-related-posts":"","theme-transparent-header-meta":"","adv-header-id-meta":"","stick-header-meta":"","header-above-stick-meta":"","header-main-stick-meta":"","header-below-stick-meta":"","astra-migrate-meta-layouts":"default","ast-page-background-enabled":"default","ast-page-background-meta":{"desktop":{"background-color":"var(--ast-global-color-4)","background-image":"","background-repeat":"repeat","background-position":"center center","background-size":"auto","background-attachment":"scroll","background-type":"","background-media":"","overlay-type":"","overlay-color":"","overlay-opacity":"","overlay-gradient":""},"tablet":{"background-color":"","background-image":"","background-repeat":"repeat","background-position":"center center","background-size":"auto","background-attachment":"scroll","background-type":"","background-media":"","overlay-type":"","overlay-color":"","overlay-opacity":"","overlay-gradient":""},"mobile":{"background-color":"","background-image":"","background-repeat":"repeat","background-position":"center center","background-size":"auto","background-attachment":"scroll","background-type":"","background-media":"","overlay-type":"","overlay-color":"","overlay-opacity":"","overlay-gradient":""}},"ast-content-background-meta":{"desktop":{"background-color":"var(--ast-global-color-5)","background-image":"","background-repeat":"repeat","background-position":"center center","background-size":"auto","background-attachment":"scroll","background-type":"","background-media":"","overlay-type":"","overlay-color":"","overlay-opacity":"","overlay-gradient":""},"tablet":{"background-color":"var(--ast-global-color-5)","background-image":"","background-repeat":"repeat","background-position":"center center","background-size":"auto","background-attachment":"scroll","background-type":"","background-media":"","overlay-type":"","overlay-color":"","overlay-opacity":"","overlay-gradient":""},"mobile":{"background-color":"var(--ast-global-color-5)","background-image":"","background-repeat":"repeat","background-position":"center center","background-size":"auto","background-attachment":"scroll","background-type":"","background-media":"","overlay-type":"","overlay-color":"","overlay-opacity":"","overlay-gradient":""}},"footnotes":""},"class_list":["post-293","page","type-page","status-publish","hentry"],"uagb_featured_image_src":{"full":false,"thumbnail":false,"medium":false,"medium_large":false,"large":false,"1536x1536":false,"2048x2048":false},"uagb_author_info":{"display_name":"Paul B\u00f6hm","author_link":"https:\/\/www.tsv-birkenau.de\/index.php\/archives\/author\/pboehm"},"uagb_comment_info":0,"uagb_excerpt":"Mitgliedsbeitr\u00e4ge Eintrittserkl\u00e4rungen Familienbeitrag Handball Aktive bis 18 Handball Aktive ab 18 Handball Passive Badminton Aktive bis 18 Badminton Aktive ab 18 Badminton Passive Kinderturnen\/Turnen Aktive bis 18 Kinderturnen\/Turnen Aktive ab [&hellip;]","_links":{"self":[{"href":"https:\/\/www.tsv-birkenau.de\/index.php\/wp-json\/wp\/v2\/pages\/293","targetHints":{"allow":["GET"]}}],"collection":[{"href":"https:\/\/www.tsv-birkenau.de\/index.php\/wp-json\/wp\/v2\/pages"}],"about":[{"href":"https:\/\/www.tsv-birkenau.de\/index.php\/wp-json\/wp\/v2\/types\/page"}],"author":[{"embeddable":true,"href":"https:\/\/www.tsv-birkenau.de\/index.php\/wp-json\/wp\/v2\/users\/2"}],"replies":[{"embeddable":true,"href":"https:\/\/www.tsv-birkenau.de\/index.php\/wp-json\/wp\/v2\/comments?post=293"}],"version-history":[{"count":40,"href":"https:\/\/www.tsv-birkenau.de\/index.php\/wp-json\/wp\/v2\/pages\/293\/revisions"}],"predecessor-version":[{"id":3545,"href":"https:\/\/www.tsv-birkenau.de\/index.php\/wp-json\/wp\/v2\/pages\/293\/revisions\/3545"}],"up":[{"embeddable":true,"href":"https:\/\/www.tsv-birkenau.de\/index.php\/wp-json\/wp\/v2\/pages\/18"}],"wp:attachment":[{"href":"https:\/\/www.tsv-birkenau.de\/index.php\/wp-json\/wp\/v2\/media?parent=293"}],"curies":[{"name":"wp","href":"https:\/\/api.w.org\/{rel}","templated":true}]}}